{"id":5723,"date":"2024-05-29T10:30:15","date_gmt":"2024-05-29T15:30:15","guid":{"rendered":"https:\/\/departamentos.uleam.edu.ec\/vinculacion-colectividad\/?page_id=5723"},"modified":"2024-05-29T10:30:16","modified_gmt":"2024-05-29T15:30:16","slug":"evaluacion-tecnico-economica-para-el-re-diseno-y-reestructuracion-de-instalaciones-electricas-residenciales-y-pequenos-comercios","status":"publish","type":"page","link":"https:\/\/departamentos.uleam.edu.ec\/vinculacion-colectividad\/evaluacion-tecnico-economica-para-el-re-diseno-y-reestructuracion-de-instalaciones-electricas-residenciales-y-pequenos-comercios\/","title":{"rendered":"Evaluaci\u00f3n t\u00e9cnico-econ\u00f3mica para el re-dise\u00f1o y reestructuraci\u00f3n de instalaciones el\u00e9ctricas residenciales y peque\u00f1os comercios"},"content":{"rendered":"\n<figure class=\"wp-block-table is-style-regular\"><table class=\"has-fixed-layout\"><tbody><tr><td><strong>Nombre de la Facultad o Unidad Acad\u00e9mica responsable:<\/strong><br>Facultad de ingenier\u00eda<\/td><td><strong>Carrera:<\/strong><br>Ingenier\u00eda El\u00e9ctrica y Electricidad.<\/td><td><strong>Tipo Proyecto:<\/strong><br>Servicios de asesor\u00eda t\u00e9cnica, transferencias de conocimientos de tecnolog\u00edas y educaci\u00f3n continua comunitaria.<\/td><\/tr><tr><td><strong>Dominio Acad\u00e9mico:<\/strong><br>Planificaci\u00f3n y desarrollo del territorio<\/td><td><strong>L\u00ednea de Investigaci\u00f3n:<br><\/strong>Gesti\u00f3n Energ\u00e9tica Ingenier\u00eda, Industria y Construcci\u00f3n, para un desarrollo sustentable<\/td><td><strong>Convenio:<br><\/strong>Comit\u00e9 barrial<\/td><\/tr><tr><td><strong>\u00c1rea del conocimiento:<\/strong><br>Ingenier\u00eda, Industria y Construcci\u00f3n<\/td><td><strong>Sub\u00e1rea del conocimiento:<\/strong><br>Ingenier\u00eda y profesiones afines<\/td><td><strong>Sub\u00e1rea espec\u00edfica:<\/strong><br>Electricidad y Energ\u00eda<\/td><\/tr><\/tbody><\/table><\/figure>\n\n\n\n<p><\/p>\n\n\n\n<figure class=\"wp-block-table is-style-regular\"><table class=\"has-fixed-layout\"><tbody><tr><td><strong>Fecha Inicio<\/strong>: octubre 2022<\/td><td><strong>Fecha de Fin Planeado<\/strong>: octubre 2027<\/td><\/tr><\/tbody><\/table><\/figure>\n\n\n\n<p><strong>COBERTURA<\/strong><\/p>\n\n\n\n<figure class=\"wp-block-table is-style-regular\"><table class=\"has-fixed-layout\"><tbody><tr><td><strong>Cobertura:<\/strong><br>Cantonal<\/td><td><strong>Zona de Planificaci\u00f3n:<\/strong><br>Manab\u00ed<\/td><td><strong>Provincia:<\/strong><br>Manab\u00ed<\/td><\/tr><tr><td><strong>Cant\u00f3n:<\/strong><br>Manta, Montecristi y Jaramij\u00f3<\/td><td><strong>Parroquia:<\/strong><br>Parroquias Urbanas y Rurales<\/td><td><strong>Barrios:<\/strong><br>Santa Marianita, Punta La Barca, 10 de Agosto, 12 de Octubre, El Para\u00edso, Aguas Bellas, San Antonio, El Pescador, La Traves\u00eda, Nueva Esperanza.<\/td><\/tr><\/tbody><\/table><\/figure>\n\n\n\n<p><strong>PRESUPUESTO<\/strong><\/p>\n\n\n\n<figure class=\"wp-block-table is-style-regular\"><table class=\"has-fixed-layout\"><tbody><tr><td><strong>Presupuesto aporte ULEAM:<\/strong><br>$ 15.354,73<\/td><td>Presupuesto aporte Aliados Estrat\u00e9gicos:<br>$ 5,000,00<\/td><td><strong>Presupuesto Total:<\/strong><br>$20.354,73<\/td><\/tr><\/tbody><\/table><\/figure>\n\n\n\n<p><strong>OBJETIVO<\/strong><\/p>\n\n\n\n<figure class=\"wp-block-table is-style-regular\"><table class=\"has-fixed-layout\"><thead><tr><th>OBJETIVO GENERAL<\/th><\/tr><\/thead><tbody><tr><td>Analizar la evaluaci\u00f3n t\u00e9cnica y econ\u00f3mica para el redise\u00f1o y reestructuraci\u00f3n de instalaciones el\u00e9ctricas de bajo voltaje residenciales y de peque\u00f1os comercios en base a criterios de eficiencia energ\u00e9tica y utilizaci\u00f3n de generaci\u00f3n fotovoltaica para autoabastecimiento con fines ecol\u00f3gicos, potenciando el desarrollo sostenible y potenciar positivamente la calidad de vida de los habitantes del lugar.<\/td><\/tr><\/tbody><\/table><\/figure>\n\n\n\n<figure class=\"wp-block-table is-style-regular\"><table class=\"has-fixed-layout\"><thead><tr><th>OBJETIVO ESPECIFICO<\/th><\/tr><\/thead><tbody><tr><td><strong>O.E1:<\/strong> Realizar un diagn\u00f3stico t\u00e9cnico de las instalaciones el\u00e9ctricas de bajo voltaje en las viviendas que forman parte del \u00e1rea de estudio para la vinculaci\u00f3n, identificando los peligros potenciales y consumos innecesarios de energ\u00eda el\u00e9ctrica.<br><strong>O.E2: <\/strong>Identificar e implementar medidas y tecnolog\u00edas que permitan el uso racional de energ\u00eda el\u00e9ctrica.<br><strong>O.E3: <\/strong>Capacitar a todos los moradores involucrados en el proyecto acerca del uso racional de la energ\u00eda el\u00e9ctrica.<br><strong>O.E4:<\/strong> Realizar mejoras y\/o nuevas instalaciones el\u00e9ctricas residenciales de bajo voltaje en las viviendas que forman parte del proyecto.<br><strong>O.E5:<\/strong> Desarrollar un estudio de factibilidad para la instalaci\u00f3n de un sistema de energ\u00eda renovable en las viviendas seleccionadas.<br><strong>O.E6: <\/strong>Analizar las medidas de eficiencia energ\u00e9tica que se implementan en el sector comercial, para enunciar y promover lineamientos generales que contribuyan al uso y consumo eficiente de la energ\u00eda.<br><strong>O.E7:<\/strong> Cuantificar la reducci\u00f3n de gases de efecto invernadero en los sectores considerados.<\/td><\/tr><\/tbody><\/table><\/figure>\n\n\n\n<div class=\"wp-block-file\"><a id=\"wp-block-file--media-b594ea42-48f5-4cad-ae42-5d04d72a2181\" href=\"https:\/\/departamentos.uleam.edu.ec\/vinculacion-colectividad\/files\/2024\/05\/1PROYE1.pdf\">1PROYE1<\/a><a href=\"https:\/\/departamentos.uleam.edu.ec\/vinculacion-colectividad\/files\/2024\/05\/1PROYE1.pdf\" class=\"wp-block-file__button wp-element-button\" download aria-describedby=\"wp-block-file--media-b594ea42-48f5-4cad-ae42-5d04d72a2181\">Descarga<\/a><\/div>\n","protected":false},"excerpt":{"rendered":"<p>Nombre de la Facultad o Unidad Acad\u00e9mica responsable:Facultad de ingenier\u00eda Carrera:Ingenier\u00eda El\u00e9ctrica y Electricidad. Tipo Proyecto:Servicios de asesor\u00eda t\u00e9cnica, transferencias de conocimientos de tecnolog\u00edas y educaci\u00f3n continua comunitaria. Dominio Acad\u00e9mico:Planificaci\u00f3n y desarrollo<a class=\"moretag\" href=\"https:\/\/departamentos.uleam.edu.ec\/vinculacion-colectividad\/evaluacion-tecnico-economica-para-el-re-diseno-y-reestructuracion-de-instalaciones-electricas-residenciales-y-pequenos-comercios\/\">Leer m\u00e1s&#8230;<\/a><\/p>\n","protected":false},"author":124,"featured_media":0,"parent":0,"menu_order":0,"comment_status":"closed","ping_status":"closed","template":"","meta":{"footnotes":"","_links_to":"","_links_to_target":""},"class_list":["post-5723","page","type-page","status-publish","hentry"],"_links":{"self":[{"href":"https:\/\/departamentos.uleam.edu.ec\/vinculacion-colectividad\/wp-json\/wp\/v2\/pages\/5723","targetHints":{"allow":["GET"]}}],"collection":[{"href":"https:\/\/departamentos.uleam.edu.ec\/vinculacion-colectividad\/wp-json\/wp\/v2\/pages"}],"about":[{"href":"https:\/\/departamentos.uleam.edu.ec\/vinculacion-colectividad\/wp-json\/wp\/v2\/types\/page"}],"author":[{"embeddable":true,"href":"https:\/\/departamentos.uleam.edu.ec\/vinculacion-colectividad\/wp-json\/wp\/v2\/users\/124"}],"replies":[{"embeddable":true,"href":"https:\/\/departamentos.uleam.edu.ec\/vinculacion-colectividad\/wp-json\/wp\/v2\/comments?post=5723"}],"version-history":[{"count":1,"href":"https:\/\/departamentos.uleam.edu.ec\/vinculacion-colectividad\/wp-json\/wp\/v2\/pages\/5723\/revisions"}],"predecessor-version":[{"id":5725,"href":"https:\/\/departamentos.uleam.edu.ec\/vinculacion-colectividad\/wp-json\/wp\/v2\/pages\/5723\/revisions\/5725"}],"wp:attachment":[{"href":"https:\/\/departamentos.uleam.edu.ec\/vinculacion-colectividad\/wp-json\/wp\/v2\/media?parent=5723"}],"curies":[{"name":"wp","href":"https:\/\/api.w.org\/{rel}","templated":true}]}}

Evaluación técnico-económica para el re-diseño y reestructuración de instalaciones eléctricas residenciales y pequeños comercios

<figure class="wp-block-table is-style-regular"><table class="has-fixed-layout"><tbody><tr><td><strong>Nombre de la Facultad o Unidad Académica responsable:</strong><br>Facultad de ingeniería</td><td><strong>Carrera:</strong><br>Ingeniería Eléctrica y Electricidad.</td><td><strong>Tipo Proyecto:</strong><br>Servicios de asesoría técnica, transferencias de conocimientos de tecnologías y educación continua comunitaria.</td></tr><tr><td><strong>Dominio Académico:</strong><br>Planificación y desarrollo del territorio</td><td><strong>Línea de Investigación:<br></strong>Gestión Energética Ingeniería, Industria y Construcción, para un desarrollo sustentable</td><td><strong>Convenio:<br></strong>Comité barrial</td></tr><tr><td><strong>Área del conocimiento:</strong><br>Ingeniería, Industria y Construcción</td><td><strong>Subárea del conocimiento:</strong><br>Ingeniería y profesiones afines</td><td><strong>Subárea específica:</strong><br>Electricidad y Energía</td></tr></tbody></table></figure>



<p></p>



<figure class="wp-block-table is-style-regular"><table class="has-fixed-layout"><tbody><tr><td><strong>Fecha Inicio</strong>: octubre 2022</td><td><strong>Fecha de Fin Planeado</strong>: octubre 2027</td></tr></tbody></table></figure>



<p><strong>COBERTURA</strong></p>



<figure class="wp-block-table is-style-regular"><table class="has-fixed-layout"><tbody><tr><td><strong>Cobertura:</strong><br>Cantonal</td><td><strong>Zona de Planificación:</strong><br>Manabí</td><td><strong>Provincia:</strong><br>Manabí</td></tr><tr><td><strong>Cantón:</strong><br>Manta, Montecristi y Jaramijó</td><td><strong>Parroquia:</strong><br>Parroquias Urbanas y Rurales</td><td><strong>Barrios:</strong><br>Santa Marianita, Punta La Barca, 10 de Agosto, 12 de Octubre, El Paraíso, Aguas Bellas, San Antonio, El Pescador, La Travesía, Nueva Esperanza.</td></tr></tbody></table></figure>



<p><strong>PRESUPUESTO</strong></p>



<figure class="wp-block-table is-style-regular"><table class="has-fixed-layout"><tbody><tr><td><strong>Presupuesto aporte ULEAM:</strong><br>$ 15.354,73</td><td>Presupuesto aporte Aliados Estratégicos:<br>$ 5,000,00</td><td><strong>Presupuesto Total:</strong><br>$20.354,73</td></tr></tbody></table></figure>



<p><strong>OBJETIVO</strong></p>



<figure class="wp-block-table is-style-regular"><table class="has-fixed-layout"><thead><tr><th>OBJETIVO GENERAL</th></tr></thead><tbody><tr><td>Analizar la evaluación técnica y económica para el rediseño y reestructuración de instalaciones eléctricas de bajo voltaje residenciales y de pequeños comercios en base a criterios de eficiencia energética y utilización de generación fotovoltaica para autoabastecimiento con fines ecológicos, potenciando el desarrollo sostenible y potenciar positivamente la calidad de vida de los habitantes del lugar.</td></tr></tbody></table></figure>



<figure class="wp-block-table is-style-regular"><table class="has-fixed-layout"><thead><tr><th>OBJETIVO ESPECIFICO</th></tr></thead><tbody><tr><td><strong>O.E1:</strong> Realizar un diagnóstico técnico de las instalaciones eléctricas de bajo voltaje en las viviendas que forman parte del área de estudio para la vinculación, identificando los peligros potenciales y consumos innecesarios de energía eléctrica.<br><strong>O.E2: </strong>Identificar e implementar medidas y tecnologías que permitan el uso racional de energía eléctrica.<br><strong>O.E3: </strong>Capacitar a todos los moradores involucrados en el proyecto acerca del uso racional de la energía eléctrica.<br><strong>O.E4:</strong> Realizar mejoras y/o nuevas instalaciones eléctricas residenciales de bajo voltaje en las viviendas que forman parte del proyecto.<br><strong>O.E5:</strong> Desarrollar un estudio de factibilidad para la instalación de un sistema de energía renovable en las viviendas seleccionadas.<br><strong>O.E6: </strong>Analizar las medidas de eficiencia energética que se implementan en el sector comercial, para enunciar y promover lineamientos generales que contribuyan al uso y consumo eficiente de la energía.<br><strong>O.E7:</strong> Cuantificar la reducción de gases de efecto invernadero en los sectores considerados.</td></tr></tbody></table></figure>



<div class="wp-block-file"><a id="wp-block-file--media-b594ea42-48f5-4cad-ae42-5d04d72a2181" href="https://departamentos.uleam.edu.ec/vinculacion-colectividad/files/2024/05/1PROYE1.pdf">1PROYE1</a><a href="https://departamentos.uleam.edu.ec/vinculacion-colectividad/files/2024/05/1PROYE1.pdf" class="wp-block-file__button wp-element-button" download aria-describedby="wp-block-file--media-b594ea42-48f5-4cad-ae42-5d04d72a2181">Descarga</a></div>

<p>Nombre de la Facultad o Unidad Académica responsable:Facultad de ingeniería Carrera:Ingeniería Eléctrica y Electricidad. Tipo Proyecto:Servicios de asesoría técnica, transferencias de conocimientos de tecnologías y educación continua comunitaria. Dominio Académico:Planificación y desarrollo<a class="moretag" href="https://departamentos.uleam.edu.ec/vinculacion-colectividad/evaluacion-tecnico-economica-para-el-re-diseno-y-reestructuracion-de-instalaciones-electricas-residenciales-y-pequenos-comercios/">Leer más&#8230;</a></p>
