{"id":5727,"date":"2024-05-29T15:20:59","date_gmt":"2024-05-29T20:20:59","guid":{"rendered":"https:\/\/departamentos.uleam.edu.ec\/vinculacion-colectividad\/?page_id=5727"},"modified":"2024-05-29T15:21:00","modified_gmt":"2024-05-29T20:21:00","slug":"fortalecimiento-de-las-actividades-economicas-comerciales-y-administrativas-de-las-familias-migrantes-refugiadas-y-comunidad-acogida-del-canton-de-manta-provincia-de-manabi","status":"publish","type":"page","link":"https:\/\/departamentos.uleam.edu.ec\/vinculacion-colectividad\/fortalecimiento-de-las-actividades-economicas-comerciales-y-administrativas-de-las-familias-migrantes-refugiadas-y-comunidad-acogida-del-canton-de-manta-provincia-de-manabi\/","title":{"rendered":"Fortalecimiento de las Actividades Econ\u00f3micas, Comerciales y Administrativas de las Familias Migrantes Refugiadas y Comunidad Acogida, del cant\u00f3n de Manta, Provincia de Manab\u00ed"},"content":{"rendered":"\n<p class=\"has-text-align-center has-medium-font-size\"><strong>Periodo 2023-2025<\/strong><\/p>\n\n\n\n<figure class=\"wp-block-table is-style-regular\"><table class=\"has-fixed-layout\"><tbody><tr><td><strong>Nombre de la Facultad o Unidad Acad\u00e9mica responsable:<\/strong><br>Facultad de Ciencias Administrativa, Contables y Comercio.<\/td><td><strong>Carrera:<\/strong><br><strong>&#8211;<\/strong> Contabilidad y Auditor\u00eda.<br><strong>&#8211;<\/strong> Gesti\u00f3n dela Informaci\u00f3n Gerencial.<br><strong>&#8211;<\/strong> Administraci\u00f3n<br><strong>&#8211;<\/strong> Comercio Exterior.<br><strong>&#8211;<\/strong> Mercadotecnia.<\/td><td><strong>Tipo Proyecto:<\/strong><br>Proyecto de Vinculaci\u00f3n y Emprendimiento<\/td><\/tr><tr><td><strong>Dominio Acad\u00e9mico:<\/strong><br>Ciencias Administrativas, Contables, Comercio y Marketing.<\/td><td><strong>L\u00ednea de Investigaci\u00f3n:<\/strong><br>Econom\u00eda y Desarrollo Sostenible.<\/td><td><strong>Convenio:<\/strong><br>Convenio Marco: ULEAM y la CHILDFUND<\/td><\/tr><tr><td><strong>\u00c1rea del conocimiento:<\/strong><br>Administraci\u00f3n<\/td><td><strong>Sub\u00e1rea del conocimiento:<\/strong><br><strong>&#8211;<\/strong> Contabilidad y Auditor\u00eda.<br><strong>&#8211;<\/strong> Gesti\u00f3n dela Informaci\u00f3n Gerencial.<br><strong>&#8211;<\/strong> Administraci\u00f3n<br><strong>&#8211;<\/strong> Comercio Exterior.<br><strong>&#8211;<\/strong> Mercadotecnia.<\/td><td><strong>Sub\u00e1rea especifica:<\/strong><br><strong>&#8211;<\/strong> Contabilidad y Auditor\u00eda.<br><strong>&#8211;<\/strong> Gesti\u00f3n dela Informaci\u00f3n Gerencial.<br><strong>&#8211;<\/strong> Administraci\u00f3n<br><strong>&#8211;<\/strong> Comercio Exterior.<br><strong>&#8211;<\/strong> Mercadotecnia.<\/td><\/tr><\/tbody><\/table><\/figure>\n\n\n\n<figure class=\"wp-block-table is-style-regular\"><table class=\"has-fixed-layout\"><tbody><tr><td>Fecha Inicio:<br>Septiembre &#8211; 2023.<\/td><td>Fecha de Fin Planeado:<br>Agosto &#8211; 2025.<\/td><\/tr><\/tbody><\/table><\/figure>\n\n\n\n<p><strong>COBERTURA Y LOCALIZACI\u00d3N<\/strong><\/p>\n\n\n\n<figure class=\"wp-block-table is-style-regular\"><table class=\"has-fixed-layout\"><tbody><tr><td><strong>Cobertura:<\/strong><br>Pa\u00eds: Ecuador.<br>Regi\u00f3n: Costa.<br>Provincia: Manab\u00ed.<br>Cantones: Manta.<br>Parroquia: Manta.<br>Barrios:<\/td><td><strong>Zona de Planificaci\u00f3n:<\/strong><br>Manab\u00ed- Manta.<\/td><td><strong>Provincia:<\/strong><br>Manab\u00ed. <\/td><\/tr><tr><td><strong>Cant\u00f3n:<\/strong><br>Manta.<\/td><td><strong>Parroquia:<\/strong><br>Eloy Alfaro<br>Los Esteros<br>Manta<br>San Mateo<br>Tarqui<\/td><td>Barrios:<br>Todo los barrios de las parroquias nombradas<\/td><\/tr><\/tbody><\/table><\/figure>\n\n\n\n<p>PRESUPUESTO<\/p>\n\n\n\n<figure class=\"wp-block-table is-style-regular\"><table class=\"has-fixed-layout\"><tbody><tr><td><strong>Presupuesto aporte ULEAM:<\/strong><br>Fiscales: $6.000,00<\/td><td>Presupuesto aporte Aliados Estrat\u00e9gicos:<br>CHILD FUND: $ 0, 00<\/td><td><strong>Presupuesto Total:<\/strong><br>$6000,00<\/td><\/tr><\/tbody><\/table><\/figure>\n\n\n\n<p><strong>OBJETIVOS<\/strong><\/p>\n\n\n\n<figure class=\"wp-block-table is-style-regular\"><table class=\"has-fixed-layout\"><thead><tr><th>Objetivo General.<\/th><\/tr><\/thead><tbody><tr><td>Fortalecer las actividades econ\u00f3micas, comerciales y administrativas de las familias migrantes,refugiadas y comunidad acogida del cant\u00f3n de Manta, provincia de Manab\u00ed, periodo 2023-2025.<\/td><\/tr><\/tbody><\/table><\/figure>\n\n\n\n<figure class=\"wp-block-table is-style-regular\"><table class=\"has-fixed-layout\"><thead><tr><th>Objetivos Espec\u00edficos.<\/th><\/tr><\/thead><tbody><tr><td><strong>O.E1:<\/strong> Dise\u00f1ar un plan de capacitaci\u00f3n continua en temas contables y tributarios que permita el cumplimiento de los deberes formales de las familias migrantes refugiadas y comunidad<br>acogida, seg\u00fan su actividad econ\u00f3mica.<br><strong>O.E2: <\/strong>Cuantificar los resultados de la aplicaci\u00f3n del plan de capacitaci\u00f3n continua, con el prop\u00f3sito de impulsar la sostenibilidad de los emprendimientos a largo plazo.<br><strong>O.E3:<\/strong> Fortalecer las habilidades comerciales de los negocios de las familias migrantes refugiadas y comunidad acogida precisando la oferta del producto\/servicio en el mercado<br>a trav\u00e9s de un plan de negocio que permita el desarrollo comercial.<br><strong>O.E4: <\/strong>Asegurar la calidad de la informaci\u00f3n y facilitar la recuperaci\u00f3n de los documentos generados por los emprendimientos.<br><strong>O.E5: <\/strong>Elaborar la planificaci\u00f3n estrat\u00e9gica de los emprendimientos de las familias refugiadas y comunidad de acogida<br><strong>O.E6:<\/strong>Mejorar las potencialidades en mercadotecnia, promoci\u00f3n digital y servicio al cliente de los emprendimientos.<\/td><\/tr><\/tbody><\/table><\/figure>\n\n\n\n<div class=\"wp-block-file\"><a id=\"wp-block-file--media-7e1d7a17-d8ff-4f7c-93a7-a443e2741c1d\" href=\"https:\/\/departamentos.uleam.edu.ec\/vinculacion-colectividad\/files\/2024\/05\/PVV-01-F-001-Formato-de-Proyecto-VIGENTE-VERSION-FINAL-2-1.pdf\">PVV-01-F-001-Formato-de-Proyecto-VIGENTE-VERSION-FINAL-2-1<\/a><a href=\"https:\/\/departamentos.uleam.edu.ec\/vinculacion-colectividad\/files\/2024\/05\/PVV-01-F-001-Formato-de-Proyecto-VIGENTE-VERSION-FINAL-2-1.pdf\" class=\"wp-block-file__button wp-element-button\" download aria-describedby=\"wp-block-file--media-7e1d7a17-d8ff-4f7c-93a7-a443e2741c1d\">Descarga<\/a><\/div>\n","protected":false},"excerpt":{"rendered":"<p>Periodo 2023-2025 Nombre de la Facultad o Unidad Acad\u00e9mica responsable:Facultad de Ciencias Administrativa, Contables y Comercio. Carrera:&#8211; Contabilidad y Auditor\u00eda.&#8211; Gesti\u00f3n dela Informaci\u00f3n Gerencial.&#8211; Administraci\u00f3n&#8211; Comercio Exterior.&#8211; Mercadotecnia. Tipo Proyecto:Proyecto de Vinculaci\u00f3n<a class=\"moretag\" href=\"https:\/\/departamentos.uleam.edu.ec\/vinculacion-colectividad\/fortalecimiento-de-las-actividades-economicas-comerciales-y-administrativas-de-las-familias-migrantes-refugiadas-y-comunidad-acogida-del-canton-de-manta-provincia-de-manabi\/\">Leer m\u00e1s&#8230;<\/a><\/p>\n","protected":false},"author":124,"featured_media":0,"parent":0,"menu_order":0,"comment_status":"closed","ping_status":"closed","template":"","meta":{"footnotes":"","_links_to":"","_links_to_target":""},"class_list":["post-5727","page","type-page","status-publish","hentry"],"_links":{"self":[{"href":"https:\/\/departamentos.uleam.edu.ec\/vinculacion-colectividad\/wp-json\/wp\/v2\/pages\/5727","targetHints":{"allow":["GET"]}}],"collection":[{"href":"https:\/\/departamentos.uleam.edu.ec\/vinculacion-colectividad\/wp-json\/wp\/v2\/pages"}],"about":[{"href":"https:\/\/departamentos.uleam.edu.ec\/vinculacion-colectividad\/wp-json\/wp\/v2\/types\/page"}],"author":[{"embeddable":true,"href":"https:\/\/departamentos.uleam.edu.ec\/vinculacion-colectividad\/wp-json\/wp\/v2\/users\/124"}],"replies":[{"embeddable":true,"href":"https:\/\/departamentos.uleam.edu.ec\/vinculacion-colectividad\/wp-json\/wp\/v2\/comments?post=5727"}],"version-history":[{"count":1,"href":"https:\/\/departamentos.uleam.edu.ec\/vinculacion-colectividad\/wp-json\/wp\/v2\/pages\/5727\/revisions"}],"predecessor-version":[{"id":5729,"href":"https:\/\/departamentos.uleam.edu.ec\/vinculacion-colectividad\/wp-json\/wp\/v2\/pages\/5727\/revisions\/5729"}],"wp:attachment":[{"href":"https:\/\/departamentos.uleam.edu.ec\/vinculacion-colectividad\/wp-json\/wp\/v2\/media?parent=5727"}],"curies":[{"name":"wp","href":"https:\/\/api.w.org\/{rel}","templated":true}]}}

Fortalecimiento de las Actividades Económicas, Comerciales y Administrativas de las Familias Migrantes Refugiadas y Comunidad Acogida, del cantón de Manta, Provincia de Manabí

<p class="has-text-align-center has-medium-font-size"><strong>Periodo 2023-2025</strong></p>



<figure class="wp-block-table is-style-regular"><table class="has-fixed-layout"><tbody><tr><td><strong>Nombre de la Facultad o Unidad Académica responsable:</strong><br>Facultad de Ciencias Administrativa, Contables y Comercio.</td><td><strong>Carrera:</strong><br><strong>&#8211;</strong> Contabilidad y Auditoría.<br><strong>&#8211;</strong> Gestión dela Información Gerencial.<br><strong>&#8211;</strong> Administración<br><strong>&#8211;</strong> Comercio Exterior.<br><strong>&#8211;</strong> Mercadotecnia.</td><td><strong>Tipo Proyecto:</strong><br>Proyecto de Vinculación y Emprendimiento</td></tr><tr><td><strong>Dominio Académico:</strong><br>Ciencias Administrativas, Contables, Comercio y Marketing.</td><td><strong>Línea de Investigación:</strong><br>Economía y Desarrollo Sostenible.</td><td><strong>Convenio:</strong><br>Convenio Marco: ULEAM y la CHILDFUND</td></tr><tr><td><strong>Área del conocimiento:</strong><br>Administración</td><td><strong>Subárea del conocimiento:</strong><br><strong>&#8211;</strong> Contabilidad y Auditoría.<br><strong>&#8211;</strong> Gestión dela Información Gerencial.<br><strong>&#8211;</strong> Administración<br><strong>&#8211;</strong> Comercio Exterior.<br><strong>&#8211;</strong> Mercadotecnia.</td><td><strong>Subárea especifica:</strong><br><strong>&#8211;</strong> Contabilidad y Auditoría.<br><strong>&#8211;</strong> Gestión dela Información Gerencial.<br><strong>&#8211;</strong> Administración<br><strong>&#8211;</strong> Comercio Exterior.<br><strong>&#8211;</strong> Mercadotecnia.</td></tr></tbody></table></figure>



<figure class="wp-block-table is-style-regular"><table class="has-fixed-layout"><tbody><tr><td>Fecha Inicio:<br>Septiembre &#8211; 2023.</td><td>Fecha de Fin Planeado:<br>Agosto &#8211; 2025.</td></tr></tbody></table></figure>



<p><strong>COBERTURA Y LOCALIZACIÓN</strong></p>



<figure class="wp-block-table is-style-regular"><table class="has-fixed-layout"><tbody><tr><td><strong>Cobertura:</strong><br>País: Ecuador.<br>Región: Costa.<br>Provincia: Manabí.<br>Cantones: Manta.<br>Parroquia: Manta.<br>Barrios:</td><td><strong>Zona de Planificación:</strong><br>Manabí- Manta.</td><td><strong>Provincia:</strong><br>Manabí. </td></tr><tr><td><strong>Cantón:</strong><br>Manta.</td><td><strong>Parroquia:</strong><br>Eloy Alfaro<br>Los Esteros<br>Manta<br>San Mateo<br>Tarqui</td><td>Barrios:<br>Todo los barrios de las parroquias nombradas</td></tr></tbody></table></figure>



<p>PRESUPUESTO</p>



<figure class="wp-block-table is-style-regular"><table class="has-fixed-layout"><tbody><tr><td><strong>Presupuesto aporte ULEAM:</strong><br>Fiscales: $6.000,00</td><td>Presupuesto aporte Aliados Estratégicos:<br>CHILD FUND: $ 0, 00</td><td><strong>Presupuesto Total:</strong><br>$6000,00</td></tr></tbody></table></figure>



<p><strong>OBJETIVOS</strong></p>



<figure class="wp-block-table is-style-regular"><table class="has-fixed-layout"><thead><tr><th>Objetivo General.</th></tr></thead><tbody><tr><td>Fortalecer las actividades económicas, comerciales y administrativas de las familias migrantes,refugiadas y comunidad acogida del cantón de Manta, provincia de Manabí, periodo 2023-2025.</td></tr></tbody></table></figure>



<figure class="wp-block-table is-style-regular"><table class="has-fixed-layout"><thead><tr><th>Objetivos Específicos.</th></tr></thead><tbody><tr><td><strong>O.E1:</strong> Diseñar un plan de capacitación continua en temas contables y tributarios que permita el cumplimiento de los deberes formales de las familias migrantes refugiadas y comunidad<br>acogida, según su actividad económica.<br><strong>O.E2: </strong>Cuantificar los resultados de la aplicación del plan de capacitación continua, con el propósito de impulsar la sostenibilidad de los emprendimientos a largo plazo.<br><strong>O.E3:</strong> Fortalecer las habilidades comerciales de los negocios de las familias migrantes refugiadas y comunidad acogida precisando la oferta del producto/servicio en el mercado<br>a través de un plan de negocio que permita el desarrollo comercial.<br><strong>O.E4: </strong>Asegurar la calidad de la información y facilitar la recuperación de los documentos generados por los emprendimientos.<br><strong>O.E5: </strong>Elaborar la planificación estratégica de los emprendimientos de las familias refugiadas y comunidad de acogida<br><strong>O.E6:</strong>Mejorar las potencialidades en mercadotecnia, promoción digital y servicio al cliente de los emprendimientos.</td></tr></tbody></table></figure>



<div class="wp-block-file"><a id="wp-block-file--media-7e1d7a17-d8ff-4f7c-93a7-a443e2741c1d" href="https://departamentos.uleam.edu.ec/vinculacion-colectividad/files/2024/05/PVV-01-F-001-Formato-de-Proyecto-VIGENTE-VERSION-FINAL-2-1.pdf">PVV-01-F-001-Formato-de-Proyecto-VIGENTE-VERSION-FINAL-2-1</a><a href="https://departamentos.uleam.edu.ec/vinculacion-colectividad/files/2024/05/PVV-01-F-001-Formato-de-Proyecto-VIGENTE-VERSION-FINAL-2-1.pdf" class="wp-block-file__button wp-element-button" download aria-describedby="wp-block-file--media-7e1d7a17-d8ff-4f7c-93a7-a443e2741c1d">Descarga</a></div>

<p>Periodo 2023-2025 Nombre de la Facultad o Unidad Académica responsable:Facultad de Ciencias Administrativa, Contables y Comercio. Carrera:&#8211; Contabilidad y Auditoría.&#8211; Gestión dela Información Gerencial.&#8211; Administración&#8211; Comercio Exterior.&#8211; Mercadotecnia. Tipo Proyecto:Proyecto de Vinculación<a class="moretag" href="https://departamentos.uleam.edu.ec/vinculacion-colectividad/fortalecimiento-de-las-actividades-economicas-comerciales-y-administrativas-de-las-familias-migrantes-refugiadas-y-comunidad-acogida-del-canton-de-manta-provincia-de-manabi/">Leer más&#8230;</a></p>
