{"id":5731,"date":"2024-06-03T14:51:34","date_gmt":"2024-06-03T19:51:34","guid":{"rendered":"https:\/\/departamentos.uleam.edu.ec\/vinculacion-colectividad\/?page_id=5731"},"modified":"2024-06-03T17:13:18","modified_gmt":"2024-06-03T22:13:18","slug":"intervencion-comunicacional-estrategica-para-el-fortalecimiento-organizacional-y-cultural-de-la-organizacion-de-campesinos-agricultores-regantes-usuarios-del-acueducto-la-esperanza","status":"publish","type":"page","link":"https:\/\/departamentos.uleam.edu.ec\/vinculacion-colectividad\/intervencion-comunicacional-estrategica-para-el-fortalecimiento-organizacional-y-cultural-de-la-organizacion-de-campesinos-agricultores-regantes-usuarios-del-acueducto-la-esperanza\/","title":{"rendered":"Intervenci\u00f3n Comunicacional Estrat\u00e9gica para el fortalecimiento organizacional y cultural de la Organizaci\u00f3n de Campesinos-Agricultores Regantes, Usuarios del Acueducto La Esperanza."},"content":{"rendered":"\n<p><\/p>\n\n\n\n<figure class=\"wp-block-table is-style-regular\"><table class=\"has-fixed-layout\"><thead><tr><th><strong>Nombre de la Facultad o Unidad Acad\u00e9mica<\/strong> <strong>responsable<\/strong><\/th><th><strong>Carrera:<\/strong><\/th><th><strong>Tipo Proyecto:<\/strong> <\/th><\/tr><\/thead><tbody><tr><td>Facultad\u00a0\u00a0\u00a0 de\u00a0\u00a0\u00a0 Ciencias Sociales,\u00a0\u00a0\u00a0 Derecho\u00a0\u00a0\u00a0\u00a0 y Bienestar<\/td><td> Carrera de Comunicaci\u00f3n<\/td><td>Vinculaci\u00f3n con la Sociedad<\/td><\/tr><tr><td><strong>Dominio Acad\u00e9mico:<\/strong><strong><\/strong><\/td><td><strong>L\u00ednea de Investigaci\u00f3n:<\/strong><strong><\/strong><\/td><td><strong>Convenio:<\/strong><strong><\/strong><\/td><\/tr><tr><td>Ciencias Sociales<\/td><td>Comunicaci\u00f3n,&nbsp;&nbsp;&nbsp;&nbsp;&nbsp;&nbsp;&nbsp; Inform\u00e1tica, Tecnolog\u00edas de la informaci\u00f3n y la comunicaci\u00f3n.<\/td><td>Convenio&nbsp;&nbsp;&nbsp;&nbsp;&nbsp;&nbsp; Marco&nbsp;&nbsp;&nbsp;&nbsp;&nbsp;&nbsp; de Cooperaci\u00f3n Interinstitucional&nbsp;&nbsp;&nbsp; entre&nbsp;&nbsp; la ULEAM,&nbsp;&nbsp;&nbsp;&nbsp;&nbsp;&nbsp;&nbsp;&nbsp;&nbsp;&nbsp;&nbsp;&nbsp;&nbsp; Asociaci\u00f3n Agropecuaria Zona Alta de Rocafuerte.<\/td><\/tr><\/tbody><\/table><\/figure>\n\n\n\n<figure class=\"wp-block-table is-style-regular\"><table class=\"has-fixed-layout\"><tbody><tr><td><strong>\u00c1rea del conocimiento:<\/strong><strong><\/strong><\/td><td><strong>Sub\u00e1rea del conocimiento:<\/strong><strong><\/strong><\/td><td><strong>Sub\u00e1rea espec\u00edfica:<\/strong><\/td><\/tr><tr><td>03 Ciencias sociales, periodismo, informaci\u00f3n y derecho<\/td><td>032 Periodismo e Informaci\u00f3n<\/td><td>0321 Periodismo y reportaje<\/td><\/tr><\/tbody><\/table><\/figure>\n\n\n\n<figure class=\"wp-block-table is-style-regular\"><table class=\"has-fixed-layout\"><tbody><tr><td><strong>Fecha Inicio <\/strong>Septiembre de 2023 <\/td><td><strong>Fecha de Fin Planeado <\/strong>Septiembre 2025<\/td><\/tr><\/tbody><\/table><\/figure>\n\n\n\n<p><strong>COBERTURA Y LOCALIZACI\u00d3N<\/strong><\/p>\n\n\n\n<figure class=\"wp-block-table is-style-regular\"><table><tbody><tr><td><strong>Cobertura:<\/strong><strong><\/strong> Provincial.<\/td><td><strong>Zona de Planificaci\u00f3n:<\/strong><strong><\/strong> Zona 4<\/td><td><strong>Provincia:<\/strong><strong><\/strong> Manab\u00ed<\/td><\/tr><tr><td><strong>Cant\u00f3n:<\/strong><strong><\/strong> Bol\u00edvar, Jun\u00edn, Tosagua, Rocafuerte, Jaramij\u00f3, Montecristi y Manta.<\/td><td><strong>Parroquia: <\/strong><strong>XXXX<\/strong><strong><\/strong><\/td><td><strong>Barrios: <\/strong><strong>XXXX<\/strong><strong><\/strong><\/td><\/tr><\/tbody><\/table><\/figure>\n\n\n\n<figure class=\"wp-block-table is-style-regular\"><table class=\"has-fixed-layout\"><tbody><tr><td colspan=\"3\"><strong>Monto<\/strong><strong><\/strong><\/td><\/tr><tr><td><strong>Presupuesto<\/strong><strong> aporte ULEAM:<\/strong> <strong>\u00a0<\/strong> $1.400,00<\/td><td><strong>Presupuesto<\/strong><strong>\u00a0aporte Aliados Estrat\u00e9gicos:<\/strong> <strong>\u00a0<\/strong> 1.500,00<\/td><td><strong>Presupuesto Total:<\/strong> <strong>&nbsp;<\/strong> $2.900,00<\/td><\/tr><\/tbody><\/table><\/figure>\n\n\n\n<p><strong>OBJETIVOS<\/strong><\/p>\n\n\n\n<figure class=\"wp-block-table is-style-regular\"><table class=\"has-fixed-layout\"><thead><tr><th>OBJETIVO GENERAL<\/th><\/tr><\/thead><tbody><tr><td>Fortalecer los procesos comunitarios, organizacionales y sociales de la Organizaci\u00f3n de Campesinos-Agricultores Regantes, Usuarios del Acueducto La Esperanza, generando escenarios de concienciaci\u00f3n social, ecol\u00f3gica y de conservaci\u00f3n de la naturaleza, a trav\u00e9s del impulso de la agricultura familiar y campesina.<\/td><\/tr><\/tbody><\/table><\/figure>\n\n\n\n<figure class=\"wp-block-table is-style-regular\"><table class=\"has-fixed-layout\"><thead><tr><th>Objetivos Espec\u00edficos<\/th><\/tr><\/thead><tbody><tr><td><strong>O.E1:<\/strong> Diagnosticar la realidad social, econ\u00f3mica, ambiental, productiva y familiar de los agricultores regantes del acueducto generando propuestas que involucren a otros actores acad\u00e9micos y carreras de la ULEAM, GAD y otras IES.<br>\u00a0<br>I<strong>O.E2: I<\/strong>nstruir a los campesinos y agricultores usuarios del Acueducto La Esperanza a trav\u00e9s de talleres comunicacionales, organizacionales y asociativos.<br>\u00a0<br><strong>O.E3:<\/strong>Capacitar a los agricultores regantes del acueducto La Esperanza sobre las generalidades del proyecto para que dimensionen su importancia, el impacto social, organizacional y ambiental, con la participaci\u00f3n de la ULEAM y sus estudiantes.<br>\u00a0<br><strong>O.E4:<\/strong>Ejecutar talleres y campa\u00f1as de concienciaci\u00f3n en temas ambientales, agua, agricultura responsable, deforestaci\u00f3n, reforestaci\u00f3n, solidaridad con la naturaleza dirigidos a las comunidades rurales beneficiarias. ubicadas en el \u00e1rea de influencia del acueducto La Esperanza.<br>\u00a0<br><strong>O.E4:<\/strong> Crear elementos identitarios de la marca organizacional Campesina y de Usuarios del Acueducto La Esperanza, que impulsen su imagen Institucional.<\/td><\/tr><\/tbody><\/table><\/figure>\n\n\n\n<div class=\"wp-block-file\"><a id=\"wp-block-file--media-c9ef991b-6d6a-47f6-9406-7d25fd2e02ca\" href=\"https:\/\/departamentos.uleam.edu.ec\/vinculacion-colectividad\/files\/2024\/06\/CORRECCIONES-PROYECTO-DE-VINCULACION-01.09.23.pdf\">CORRECCIONES-PROYECTO-DE-VINCULACION-01.09.23<\/a><a href=\"https:\/\/departamentos.uleam.edu.ec\/vinculacion-colectividad\/files\/2024\/06\/CORRECCIONES-PROYECTO-DE-VINCULACION-01.09.23.pdf\" class=\"wp-block-file__button wp-element-button\" download aria-describedby=\"wp-block-file--media-c9ef991b-6d6a-47f6-9406-7d25fd2e02ca\">Descarga<\/a><\/div>\n","protected":false},"excerpt":{"rendered":"<p>Nombre de la Facultad o Unidad Acad\u00e9mica responsable Carrera: Tipo Proyecto: Facultad\u00a0\u00a0\u00a0 de\u00a0\u00a0\u00a0 Ciencias Sociales,\u00a0\u00a0\u00a0 Derecho\u00a0\u00a0\u00a0\u00a0 y Bienestar Carrera de Comunicaci\u00f3n Vinculaci\u00f3n con la Sociedad Dominio Acad\u00e9mico: L\u00ednea de Investigaci\u00f3n: Convenio: Ciencias<a class=\"moretag\" href=\"https:\/\/departamentos.uleam.edu.ec\/vinculacion-colectividad\/intervencion-comunicacional-estrategica-para-el-fortalecimiento-organizacional-y-cultural-de-la-organizacion-de-campesinos-agricultores-regantes-usuarios-del-acueducto-la-esperanza\/\">Leer m\u00e1s&#8230;<\/a><\/p>\n","protected":false},"author":124,"featured_media":0,"parent":0,"menu_order":0,"comment_status":"closed","ping_status":"closed","template":"","meta":{"footnotes":"","_links_to":"","_links_to_target":""},"class_list":["post-5731","page","type-page","status-publish","hentry"],"_links":{"self":[{"href":"https:\/\/departamentos.uleam.edu.ec\/vinculacion-colectividad\/wp-json\/wp\/v2\/pages\/5731","targetHints":{"allow":["GET"]}}],"collection":[{"href":"https:\/\/departamentos.uleam.edu.ec\/vinculacion-colectividad\/wp-json\/wp\/v2\/pages"}],"about":[{"href":"https:\/\/departamentos.uleam.edu.ec\/vinculacion-colectividad\/wp-json\/wp\/v2\/types\/page"}],"author":[{"embeddable":true,"href":"https:\/\/departamentos.uleam.edu.ec\/vinculacion-colectividad\/wp-json\/wp\/v2\/users\/124"}],"replies":[{"embeddable":true,"href":"https:\/\/departamentos.uleam.edu.ec\/vinculacion-colectividad\/wp-json\/wp\/v2\/comments?post=5731"}],"version-history":[{"count":1,"href":"https:\/\/departamentos.uleam.edu.ec\/vinculacion-colectividad\/wp-json\/wp\/v2\/pages\/5731\/revisions"}],"predecessor-version":[{"id":5733,"href":"https:\/\/departamentos.uleam.edu.ec\/vinculacion-colectividad\/wp-json\/wp\/v2\/pages\/5731\/revisions\/5733"}],"wp:attachment":[{"href":"https:\/\/departamentos.uleam.edu.ec\/vinculacion-colectividad\/wp-json\/wp\/v2\/media?parent=5731"}],"curies":[{"name":"wp","href":"https:\/\/api.w.org\/{rel}","templated":true}]}}

Intervención Comunicacional Estratégica para el fortalecimiento organizacional y cultural de la Organización de Campesinos-Agricultores Regantes, Usuarios del Acueducto La Esperanza.

<p></p>



<figure class="wp-block-table is-style-regular"><table class="has-fixed-layout"><thead><tr><th><strong>Nombre de la Facultad o Unidad Académica</strong> <strong>responsable</strong></th><th><strong>Carrera:</strong></th><th><strong>Tipo Proyecto:</strong> </th></tr></thead><tbody><tr><td>Facultad    de    Ciencias Sociales,    Derecho     y Bienestar</td><td> Carrera de Comunicación</td><td>Vinculación con la Sociedad</td></tr><tr><td><strong>Dominio Académico:</strong><strong></strong></td><td><strong>Línea de Investigación:</strong><strong></strong></td><td><strong>Convenio:</strong><strong></strong></td></tr><tr><td>Ciencias Sociales</td><td>Comunicación,&nbsp;&nbsp;&nbsp;&nbsp;&nbsp;&nbsp;&nbsp; Informática, Tecnologías de la información y la comunicación.</td><td>Convenio&nbsp;&nbsp;&nbsp;&nbsp;&nbsp;&nbsp; Marco&nbsp;&nbsp;&nbsp;&nbsp;&nbsp;&nbsp; de Cooperación Interinstitucional&nbsp;&nbsp;&nbsp; entre&nbsp;&nbsp; la ULEAM,&nbsp;&nbsp;&nbsp;&nbsp;&nbsp;&nbsp;&nbsp;&nbsp;&nbsp;&nbsp;&nbsp;&nbsp;&nbsp; Asociación Agropecuaria Zona Alta de Rocafuerte.</td></tr></tbody></table></figure>



<figure class="wp-block-table is-style-regular"><table class="has-fixed-layout"><tbody><tr><td><strong>Área del conocimiento:</strong><strong></strong></td><td><strong>Subárea del conocimiento:</strong><strong></strong></td><td><strong>Subárea específica:</strong></td></tr><tr><td>03 Ciencias sociales, periodismo, información y derecho</td><td>032 Periodismo e Información</td><td>0321 Periodismo y reportaje</td></tr></tbody></table></figure>



<figure class="wp-block-table is-style-regular"><table class="has-fixed-layout"><tbody><tr><td><strong>Fecha Inicio </strong>Septiembre de 2023 </td><td><strong>Fecha de Fin Planeado </strong>Septiembre 2025</td></tr></tbody></table></figure>



<p><strong>COBERTURA Y LOCALIZACIÓN</strong></p>



<figure class="wp-block-table is-style-regular"><table><tbody><tr><td><strong>Cobertura:</strong><strong></strong> Provincial.</td><td><strong>Zona de Planificación:</strong><strong></strong> Zona 4</td><td><strong>Provincia:</strong><strong></strong> Manabí</td></tr><tr><td><strong>Cantón:</strong><strong></strong> Bolívar, Junín, Tosagua, Rocafuerte, Jaramijó, Montecristi y Manta.</td><td><strong>Parroquia: </strong><strong>XXXX</strong><strong></strong></td><td><strong>Barrios: </strong><strong>XXXX</strong><strong></strong></td></tr></tbody></table></figure>



<figure class="wp-block-table is-style-regular"><table class="has-fixed-layout"><tbody><tr><td colspan="3"><strong>Monto</strong><strong></strong></td></tr><tr><td><strong>Presupuesto</strong><strong> aporte ULEAM:</strong> <strong> </strong> $1.400,00</td><td><strong>Presupuesto</strong><strong> aporte Aliados Estratégicos:</strong> <strong> </strong> 1.500,00</td><td><strong>Presupuesto Total:</strong> <strong>&nbsp;</strong> $2.900,00</td></tr></tbody></table></figure>



<p><strong>OBJETIVOS</strong></p>



<figure class="wp-block-table is-style-regular"><table class="has-fixed-layout"><thead><tr><th>OBJETIVO GENERAL</th></tr></thead><tbody><tr><td>Fortalecer los procesos comunitarios, organizacionales y sociales de la Organización de Campesinos-Agricultores Regantes, Usuarios del Acueducto La Esperanza, generando escenarios de concienciación social, ecológica y de conservación de la naturaleza, a través del impulso de la agricultura familiar y campesina.</td></tr></tbody></table></figure>



<figure class="wp-block-table is-style-regular"><table class="has-fixed-layout"><thead><tr><th>Objetivos Específicos</th></tr></thead><tbody><tr><td><strong>O.E1:</strong> Diagnosticar la realidad social, económica, ambiental, productiva y familiar de los agricultores regantes del acueducto generando propuestas que involucren a otros actores académicos y carreras de la ULEAM, GAD y otras IES.<br> <br>I<strong>O.E2: I</strong>nstruir a los campesinos y agricultores usuarios del Acueducto La Esperanza a través de talleres comunicacionales, organizacionales y asociativos.<br> <br><strong>O.E3:</strong>Capacitar a los agricultores regantes del acueducto La Esperanza sobre las generalidades del proyecto para que dimensionen su importancia, el impacto social, organizacional y ambiental, con la participación de la ULEAM y sus estudiantes.<br> <br><strong>O.E4:</strong>Ejecutar talleres y campañas de concienciación en temas ambientales, agua, agricultura responsable, deforestación, reforestación, solidaridad con la naturaleza dirigidos a las comunidades rurales beneficiarias. ubicadas en el área de influencia del acueducto La Esperanza.<br> <br><strong>O.E4:</strong> Crear elementos identitarios de la marca organizacional Campesina y de Usuarios del Acueducto La Esperanza, que impulsen su imagen Institucional.</td></tr></tbody></table></figure>



<div class="wp-block-file"><a id="wp-block-file--media-c9ef991b-6d6a-47f6-9406-7d25fd2e02ca" href="https://departamentos.uleam.edu.ec/vinculacion-colectividad/files/2024/06/CORRECCIONES-PROYECTO-DE-VINCULACION-01.09.23.pdf">CORRECCIONES-PROYECTO-DE-VINCULACION-01.09.23</a><a href="https://departamentos.uleam.edu.ec/vinculacion-colectividad/files/2024/06/CORRECCIONES-PROYECTO-DE-VINCULACION-01.09.23.pdf" class="wp-block-file__button wp-element-button" download aria-describedby="wp-block-file--media-c9ef991b-6d6a-47f6-9406-7d25fd2e02ca">Descarga</a></div>

<p>Nombre de la Facultad o Unidad Académica responsable Carrera: Tipo Proyecto: Facultad    de    Ciencias Sociales,    Derecho     y Bienestar Carrera de Comunicación Vinculación con la Sociedad Dominio Académico: Línea de Investigación: Convenio: Ciencias<a class="moretag" href="https://departamentos.uleam.edu.ec/vinculacion-colectividad/intervencion-comunicacional-estrategica-para-el-fortalecimiento-organizacional-y-cultural-de-la-organizacion-de-campesinos-agricultores-regantes-usuarios-del-acueducto-la-esperanza/">Leer más&#8230;</a></p>
