{"id":5740,"date":"2024-06-04T11:55:50","date_gmt":"2024-06-04T16:55:50","guid":{"rendered":"https:\/\/departamentos.uleam.edu.ec\/vinculacion-colectividad\/?page_id=5740"},"modified":"2024-06-04T11:55:51","modified_gmt":"2024-06-04T16:55:51","slug":"fortalecimiento-de-los-comerciantes-del-mercado-central-de-manta-en-las-necesidades-regulares-de-financiamiento-para-el-desarrollo-de-sus-actividades-economicas","status":"publish","type":"page","link":"https:\/\/departamentos.uleam.edu.ec\/vinculacion-colectividad\/fortalecimiento-de-los-comerciantes-del-mercado-central-de-manta-en-las-necesidades-regulares-de-financiamiento-para-el-desarrollo-de-sus-actividades-economicas\/","title":{"rendered":"Fortalecimiento de los Comerciantes del Mercado Central de Manta en las necesidades regulares de financiamiento para el desarrollo de sus actividades econ\u00f3micas"},"content":{"rendered":"\n<p class=\"has-text-align-center has-medium-font-size\"><strong>PERIODO 2023 &#8211; 2025<\/strong><\/p>\n\n\n\n<figure class=\"wp-block-table is-style-regular\"><table class=\"has-fixed-layout\"><tbody><tr><td><strong>Nombre de la Facultad o Unidad Acad\u00e9mica responsable:<\/strong> Facultad de Ciencias Sociales, Derecho y Bienestar<\/td><td><strong>Carrera:<\/strong> Econom\u00eda<strong><\/strong><\/td><td><strong>Tipo Proyecto:<\/strong> Proyecto de Vinculaci\u00f3n<\/td><\/tr><tr><td><strong>Dominio Acad\u00e9mico:<\/strong> 53. Ciencias Econ\u00f3micas<\/td><td><strong>L\u00ednea de Investigaci\u00f3n:<\/strong> Econom\u00eda y Desarrollo Sostenible<strong><\/strong><\/td><td><strong>Convenio:<\/strong> GAD Municipal del cant\u00f3n Manta Comerciantes del Mercado Central (en tr\u00e1mite)<\/td><\/tr><tr><td><strong>\u00c1rea del conocimiento:<\/strong> 5304 actividad Econ\u00f3mica<\/td><td><strong>Sub\u00e1rea del conocimiento:<\/strong> 5304.01 Consumo, Ahorro, Inversi\u00f3n<strong><\/strong><\/td><td><strong>Sub\u00e1rea especifica:<\/strong> 5304.01 Consumo, Ahorro, Inversi\u00f3n<strong><\/strong><\/td><\/tr><\/tbody><\/table><\/figure>\n\n\n\n<figure class=\"wp-block-table is-style-regular\"><table><tbody><tr><td><strong>Fecha Inicio<\/strong> 1 de abril de 2022<strong><\/strong> <strong>Fecha de Fin Planeado<\/strong> 28 de febrero de 2025<strong><\/strong><\/td><\/tr><\/tbody><\/table><\/figure>\n\n\n\n<p><strong>COBERTURA Y LOCALIZACI\u00d3N<\/strong><\/p>\n\n\n\n<figure class=\"wp-block-table is-style-regular\"><table><tbody><tr><td><strong>Cobertura:<\/strong> Barrial<strong><\/strong><\/td><td><strong>Zona de Planificaci\u00f3n:<\/strong> Zona 4<strong><\/strong><\/td><td><strong>Provincia:<\/strong> Manab\u00ed<\/td><\/tr><tr><td><strong>Cant\u00f3n:<\/strong> Manta<strong><\/strong><\/td><td><strong>Parroquia:<\/strong> Manta<strong><\/strong><\/td><td><strong>Barrios:<\/strong> R\u00edo Guayas La Dolorosa Centro de Manta Royal Santa M\u00f3nica San Rafael<\/td><\/tr><\/tbody><\/table><\/figure>\n\n\n\n<p><strong>MONTO<\/strong><\/p>\n\n\n\n<figure class=\"wp-block-table is-style-regular\"><table><tbody><tr><td><strong>Presupuesto aporte ULEAM:<\/strong> $1400,00<strong><\/strong><\/td><td><strong>Presupuesto aporte Aliados Estrat\u00e9gicos:<\/strong> $1500,00<\/td><td><strong>Presupuesto Total:<\/strong> $2900,00<\/td><\/tr><\/tbody><\/table><\/figure>\n\n\n\n<p><strong>OBJETIVOS<\/strong><\/p>\n\n\n\n<figure class=\"wp-block-table is-style-regular\"><table class=\"has-fixed-layout\"><thead><tr><th><a>Objetivo General<\/a><\/th><\/tr><\/thead><tbody><tr><td>Generar cambios en la mentalidad de los comerciantes del Mercado Central de la Ciudad de Manta con relaci\u00f3n a la forma de empr\u00e9stito informal a la cual recurren; para que as\u00ed, como consecuencia, adquieran fondos provenientes de Instituciones Financieras P\u00fablicas y Privadas formales.<\/td><\/tr><\/tbody><\/table><\/figure>\n\n\n\n<figure class=\"wp-block-table is-style-regular\"><table><thead><tr><th><a>Objetivos Espec\u00edficos<\/a><\/th><\/tr><\/thead><tbody><tr><td><strong>O.E1: <\/strong>Capacitar formalmente a los comerciantes sobre las generalidades del proyecto para que dimensionen el impacto que el mismo tendr\u00e1 en el entorno socio pol\u00edtico que los rodea mediante c\u00e1tedras encabezadas por el estudiantado.<br><strong>O.E2: <\/strong>Instruir a los comerciantes sobre planes de negocios, de estrategia, de viabilidad; y todo lo referente a la gesti\u00f3n administrativa para que puedan ponderar el aspecto te\u00f3rico de presidir un negocio propio mediante la implementaci\u00f3n de c\u00e1tedras, congresos y conferencias encabezadas por el magisterio y el estudiantado.<br><strong>O.E3:<\/strong> Determinar las necesidades de empr\u00e9stito de los comerciantes y, en base a esto, generar propuestas de servicios financieros que funjan como nexo entre la carrera de Econom\u00eda de la ULEAM, los beneficiarios y las Instituciones Financieras P\u00fablicas y Privadas.<\/td><\/tr><\/tbody><\/table><\/figure>\n\n\n\n<div class=\"wp-block-file\"><a id=\"wp-block-file--media-30131a36-7066-453d-9066-220d8e4f74b8\" href=\"https:\/\/departamentos.uleam.edu.ec\/vinculacion-colectividad\/files\/2024\/06\/REVISI1.pdf\">REVISI1<\/a><a href=\"https:\/\/departamentos.uleam.edu.ec\/vinculacion-colectividad\/files\/2024\/06\/REVISI1.pdf\" class=\"wp-block-file__button wp-element-button\" download aria-describedby=\"wp-block-file--media-30131a36-7066-453d-9066-220d8e4f74b8\">Descarga<\/a><\/div>\n","protected":false},"excerpt":{"rendered":"<p>PERIODO 2023 &#8211; 2025 Nombre de la Facultad o Unidad Acad\u00e9mica responsable: Facultad de Ciencias Sociales, Derecho y Bienestar Carrera: Econom\u00eda Tipo Proyecto: Proyecto de Vinculaci\u00f3n Dominio Acad\u00e9mico: 53. Ciencias Econ\u00f3micas L\u00ednea<a class=\"moretag\" href=\"https:\/\/departamentos.uleam.edu.ec\/vinculacion-colectividad\/fortalecimiento-de-los-comerciantes-del-mercado-central-de-manta-en-las-necesidades-regulares-de-financiamiento-para-el-desarrollo-de-sus-actividades-economicas\/\">Leer m\u00e1s&#8230;<\/a><\/p>\n","protected":false},"author":124,"featured_media":0,"parent":0,"menu_order":0,"comment_status":"closed","ping_status":"closed","template":"","meta":{"footnotes":"","_links_to":"","_links_to_target":""},"class_list":["post-5740","page","type-page","status-publish","hentry"],"_links":{"self":[{"href":"https:\/\/departamentos.uleam.edu.ec\/vinculacion-colectividad\/wp-json\/wp\/v2\/pages\/5740","targetHints":{"allow":["GET"]}}],"collection":[{"href":"https:\/\/departamentos.uleam.edu.ec\/vinculacion-colectividad\/wp-json\/wp\/v2\/pages"}],"about":[{"href":"https:\/\/departamentos.uleam.edu.ec\/vinculacion-colectividad\/wp-json\/wp\/v2\/types\/page"}],"author":[{"embeddable":true,"href":"https:\/\/departamentos.uleam.edu.ec\/vinculacion-colectividad\/wp-json\/wp\/v2\/users\/124"}],"replies":[{"embeddable":true,"href":"https:\/\/departamentos.uleam.edu.ec\/vinculacion-colectividad\/wp-json\/wp\/v2\/comments?post=5740"}],"version-history":[{"count":1,"href":"https:\/\/departamentos.uleam.edu.ec\/vinculacion-colectividad\/wp-json\/wp\/v2\/pages\/5740\/revisions"}],"predecessor-version":[{"id":5742,"href":"https:\/\/departamentos.uleam.edu.ec\/vinculacion-colectividad\/wp-json\/wp\/v2\/pages\/5740\/revisions\/5742"}],"wp:attachment":[{"href":"https:\/\/departamentos.uleam.edu.ec\/vinculacion-colectividad\/wp-json\/wp\/v2\/media?parent=5740"}],"curies":[{"name":"wp","href":"https:\/\/api.w.org\/{rel}","templated":true}]}}

Fortalecimiento de los Comerciantes del Mercado Central de Manta en las necesidades regulares de financiamiento para el desarrollo de sus actividades económicas

<p class="has-text-align-center has-medium-font-size"><strong>PERIODO 2023 &#8211; 2025</strong></p>



<figure class="wp-block-table is-style-regular"><table class="has-fixed-layout"><tbody><tr><td><strong>Nombre de la Facultad o Unidad Académica responsable:</strong> Facultad de Ciencias Sociales, Derecho y Bienestar</td><td><strong>Carrera:</strong> Economía<strong></strong></td><td><strong>Tipo Proyecto:</strong> Proyecto de Vinculación</td></tr><tr><td><strong>Dominio Académico:</strong> 53. Ciencias Económicas</td><td><strong>Línea de Investigación:</strong> Economía y Desarrollo Sostenible<strong></strong></td><td><strong>Convenio:</strong> GAD Municipal del cantón Manta Comerciantes del Mercado Central (en trámite)</td></tr><tr><td><strong>Área del conocimiento:</strong> 5304 actividad Económica</td><td><strong>Subárea del conocimiento:</strong> 5304.01 Consumo, Ahorro, Inversión<strong></strong></td><td><strong>Subárea especifica:</strong> 5304.01 Consumo, Ahorro, Inversión<strong></strong></td></tr></tbody></table></figure>



<figure class="wp-block-table is-style-regular"><table><tbody><tr><td><strong>Fecha Inicio</strong> 1 de abril de 2022<strong></strong> <strong>Fecha de Fin Planeado</strong> 28 de febrero de 2025<strong></strong></td></tr></tbody></table></figure>



<p><strong>COBERTURA Y LOCALIZACIÓN</strong></p>



<figure class="wp-block-table is-style-regular"><table><tbody><tr><td><strong>Cobertura:</strong> Barrial<strong></strong></td><td><strong>Zona de Planificación:</strong> Zona 4<strong></strong></td><td><strong>Provincia:</strong> Manabí</td></tr><tr><td><strong>Cantón:</strong> Manta<strong></strong></td><td><strong>Parroquia:</strong> Manta<strong></strong></td><td><strong>Barrios:</strong> Río Guayas La Dolorosa Centro de Manta Royal Santa Mónica San Rafael</td></tr></tbody></table></figure>



<p><strong>MONTO</strong></p>



<figure class="wp-block-table is-style-regular"><table><tbody><tr><td><strong>Presupuesto aporte ULEAM:</strong> $1400,00<strong></strong></td><td><strong>Presupuesto aporte Aliados Estratégicos:</strong> $1500,00</td><td><strong>Presupuesto Total:</strong> $2900,00</td></tr></tbody></table></figure>



<p><strong>OBJETIVOS</strong></p>



<figure class="wp-block-table is-style-regular"><table class="has-fixed-layout"><thead><tr><th><a>Objetivo General</a></th></tr></thead><tbody><tr><td>Generar cambios en la mentalidad de los comerciantes del Mercado Central de la Ciudad de Manta con relación a la forma de empréstito informal a la cual recurren; para que así, como consecuencia, adquieran fondos provenientes de Instituciones Financieras Públicas y Privadas formales.</td></tr></tbody></table></figure>



<figure class="wp-block-table is-style-regular"><table><thead><tr><th><a>Objetivos Específicos</a></th></tr></thead><tbody><tr><td><strong>O.E1: </strong>Capacitar formalmente a los comerciantes sobre las generalidades del proyecto para que dimensionen el impacto que el mismo tendrá en el entorno socio político que los rodea mediante cátedras encabezadas por el estudiantado.<br><strong>O.E2: </strong>Instruir a los comerciantes sobre planes de negocios, de estrategia, de viabilidad; y todo lo referente a la gestión administrativa para que puedan ponderar el aspecto teórico de presidir un negocio propio mediante la implementación de cátedras, congresos y conferencias encabezadas por el magisterio y el estudiantado.<br><strong>O.E3:</strong> Determinar las necesidades de empréstito de los comerciantes y, en base a esto, generar propuestas de servicios financieros que funjan como nexo entre la carrera de Economía de la ULEAM, los beneficiarios y las Instituciones Financieras Públicas y Privadas.</td></tr></tbody></table></figure>



<div class="wp-block-file"><a id="wp-block-file--media-30131a36-7066-453d-9066-220d8e4f74b8" href="https://departamentos.uleam.edu.ec/vinculacion-colectividad/files/2024/06/REVISI1.pdf">REVISI1</a><a href="https://departamentos.uleam.edu.ec/vinculacion-colectividad/files/2024/06/REVISI1.pdf" class="wp-block-file__button wp-element-button" download aria-describedby="wp-block-file--media-30131a36-7066-453d-9066-220d8e4f74b8">Descarga</a></div>

<p>PERIODO 2023 &#8211; 2025 Nombre de la Facultad o Unidad Académica responsable: Facultad de Ciencias Sociales, Derecho y Bienestar Carrera: Economía Tipo Proyecto: Proyecto de Vinculación Dominio Académico: 53. Ciencias Económicas Línea<a class="moretag" href="https://departamentos.uleam.edu.ec/vinculacion-colectividad/fortalecimiento-de-los-comerciantes-del-mercado-central-de-manta-en-las-necesidades-regulares-de-financiamiento-para-el-desarrollo-de-sus-actividades-economicas/">Leer más&#8230;</a></p>
