{"id":5807,"date":"2025-04-14T10:14:12","date_gmt":"2025-04-14T15:14:12","guid":{"rendered":"https:\/\/departamentos.uleam.edu.ec\/vinculacion-colectividad\/?page_id=5807"},"modified":"2025-04-14T10:54:28","modified_gmt":"2025-04-14T15:54:28","slug":"programas-de-educacion-continua","status":"publish","type":"page","link":"https:\/\/departamentos.uleam.edu.ec\/vinculacion-colectividad\/programas-de-educacion-continua\/","title":{"rendered":"PROGRAMAS DE EDUCACI\u00d3N CONTINUA"},"content":{"rendered":"\n<ul class=\"wp-block-list\">\n<li>CAMPUS PICHINCHA<\/li>\n\n\n\n<li>CAMPUS TOSAGUA (UNIDAD ACAD\u00c9MICA DE FORMACI\u00d3N T\u00c9CNICA Y TECNOL\u00d3GICA)<\/li>\n\n\n\n<li>EXTENSI\u00d3N SUCRE<\/li>\n\n\n\n<li>EXTENSI\u00d3N CHONE<\/li>\n\n\n\n<li>EXTENSI\u00d3N EL CARMEN<\/li>\n\n\n\n<li>EXTENSI\u00d3N PEDERNALES<\/li>\n\n\n\n<li>FACULTAD CIENCIAS DE LA SALUD<\/li>\n\n\n\n<li>FACULTAD CIENCIAS ADMINISTRATIVAS, CONTABLES Y COMERCIO<\/li>\n\n\n\n<li>FACULTAD DE EDUCACI\u00d3N TURISMO ARTES Y HUMANIDADES<\/li>\n\n\n\n<li>FACULTAD INGENIER\u00cdA, INDUSTRIA Y ARQUITECTURA<\/li>\n\n\n\n<li>FACULTAD CIENCIAS DE LA VIDA Y TECNOLOG\u00cdAS<\/li>\n\n\n\n<li>FACULTAD CIENCIAS SOCIALES DERECHO Y BIENESTAR<\/li>\n\n\n\n<li>SEDE SANTO DOMINGO<\/li>\n<\/ul>\n\n\n\n<p><\/p>\n","protected":false},"excerpt":{"rendered":"","protected":false},"author":124,"featured_media":0,"parent":0,"menu_order":0,"comment_status":"closed","ping_status":"closed","template":"","meta":{"footnotes":"","_links_to":"","_links_to_target":""},"class_list":["post-5807","page","type-page","status-publish","hentry"],"_links":{"self":[{"href":"https:\/\/departamentos.uleam.edu.ec\/vinculacion-colectividad\/wp-json\/wp\/v2\/pages\/5807","targetHints":{"allow":["GET"]}}],"collection":[{"href":"https:\/\/departamentos.uleam.edu.ec\/vinculacion-colectividad\/wp-json\/wp\/v2\/pages"}],"about":[{"href":"https:\/\/departamentos.uleam.edu.ec\/vinculacion-colectividad\/wp-json\/wp\/v2\/types\/page"}],"author":[{"embeddable":true,"href":"https:\/\/departamentos.uleam.edu.ec\/vinculacion-colectividad\/wp-json\/wp\/v2\/users\/124"}],"replies":[{"embeddable":true,"href":"https:\/\/departamentos.uleam.edu.ec\/vinculacion-colectividad\/wp-json\/wp\/v2\/comments?post=5807"}],"version-history":[{"count":2,"href":"https:\/\/departamentos.uleam.edu.ec\/vinculacion-colectividad\/wp-json\/wp\/v2\/pages\/5807\/revisions"}],"predecessor-version":[{"id":5813,"href":"https:\/\/departamentos.uleam.edu.ec\/vinculacion-colectividad\/wp-json\/wp\/v2\/pages\/5807\/revisions\/5813"}],"wp:attachment":[{"href":"https:\/\/departamentos.uleam.edu.ec\/vinculacion-colectividad\/wp-json\/wp\/v2\/media?parent=5807"}],"curies":[{"name":"wp","href":"https:\/\/api.w.org\/{rel}","templated":true}]}}