{"id":930,"date":"2015-10-23T21:07:26","date_gmt":"2015-10-23T21:07:26","guid":{"rendered":"http:\/\/departamentos.uleam.edu.ec\/vinculacion-colectividad\/?page_id=930"},"modified":"2015-10-23T21:42:01","modified_gmt":"2015-10-23T21:42:01","slug":"area-ciencias-administrativas-y-contables","status":"publish","type":"page","link":"https:\/\/departamentos.uleam.edu.ec\/vinculacion-colectividad\/area-ciencias-administrativas-y-contables\/","title":{"rendered":"\u00c1rea Ciencias Administrativas y Contables"},"content":{"rendered":"<p>Unidad Acad\u00e9mica\/Carrera:<\/p>\n<ul>\n<li>Ciencias Econ\u00f3micas<\/li>\n<\/ul>\n<p style=\"padding-left: 60px\"><span style=\"color: #000000\"><a style=\"color: #000000\" href=\"https:\/\/departamentos.uleam.edu.ec\/vinculacion-colectividad\/proyectos-comercio-exterior\/\">Comercio Exterior<\/a><\/span><\/p>\n<p style=\"padding-left: 60px\"><span style=\"color: #000000\"><a style=\"color: #000000\" href=\"https:\/\/departamentos.uleam.edu.ec\/vinculacion-colectividad\/programa-de-economia\/\">Econom\u00eda<\/a><\/span><\/p>\n<ul>\n<li>Ciencias Administrativas<\/li>\n<\/ul>\n<p style=\"padding-left: 60px\">Ingenier\u00eda en Marketing<\/p>\n<ul>\n<li>Hoteleria y Turismo<\/li>\n<li>Gesti\u00f3n Desarrollo y Secretariado Ejecutivo<\/li>\n<\/ul>\n<p style=\"padding-left: 60px\">\n","protected":false},"excerpt":{"rendered":"<p>Unidad Acad\u00e9mica\/Carrera: Ciencias Econ\u00f3micas Comercio Exterior Econom\u00eda Ciencias Administrativas Ingenier\u00eda en Marketing Hoteleria y Turismo Gesti\u00f3n Desarrollo y Secretariado Ejecutivo<\/p>\n","protected":false},"author":14,"featured_media":0,"parent":0,"menu_order":0,"comment_status":"closed","ping_status":"closed","template":"","meta":{"footnotes":"","_links_to":"","_links_to_target":""},"class_list":["post-930","page","type-page","status-publish","hentry"],"_links":{"self":[{"href":"https:\/\/departamentos.uleam.edu.ec\/vinculacion-colectividad\/wp-json\/wp\/v2\/pages\/930","targetHints":{"allow":["GET"]}}],"collection":[{"href":"https:\/\/departamentos.uleam.edu.ec\/vinculacion-colectividad\/wp-json\/wp\/v2\/pages"}],"about":[{"href":"https:\/\/departamentos.uleam.edu.ec\/vinculacion-colectividad\/wp-json\/wp\/v2\/types\/page"}],"author":[{"embeddable":true,"href":"https:\/\/departamentos.uleam.edu.ec\/vinculacion-colectividad\/wp-json\/wp\/v2\/users\/14"}],"replies":[{"embeddable":true,"href":"https:\/\/departamentos.uleam.edu.ec\/vinculacion-colectividad\/wp-json\/wp\/v2\/comments?post=930"}],"version-history":[{"count":2,"href":"https:\/\/departamentos.uleam.edu.ec\/vinculacion-colectividad\/wp-json\/wp\/v2\/pages\/930\/revisions"}],"predecessor-version":[{"id":938,"href":"https:\/\/departamentos.uleam.edu.ec\/vinculacion-colectividad\/wp-json\/wp\/v2\/pages\/930\/revisions\/938"}],"wp:attachment":[{"href":"https:\/\/departamentos.uleam.edu.ec\/vinculacion-colectividad\/wp-json\/wp\/v2\/media?parent=930"}],"curies":[{"name":"wp","href":"https:\/\/api.w.org\/{rel}","templated":true}]}}